{"id":3278,"date":"2023-10-30T05:15:10","date_gmt":"2023-10-30T05:15:10","guid":{"rendered":"https:\/\/demos-prague.foxthemes.me\/elementor\/?page_id=3278"},"modified":"2025-03-27T11:39:33","modified_gmt":"2025-03-27T08:39:33","slug":"hakkimizda-2","status":"publish","type":"page","link":"https:\/\/nammimarlik.com\/index.php\/hakkimizda-2\/","title":{"rendered":"Hakk\u0131m\u0131zda"},"content":{"rendered":"\t\t<div data-elementor-type=\"wp-page\" data-elementor-id=\"3278\" class=\"elementor elementor-3278\">\n\t\t\t\t<div class=\"elementor-element elementor-element-98ca163 e-con-full e-flex e-con e-parent\" data-id=\"98ca163\" data-element_type=\"container\">\n\t\t\t\t<div class=\"elementor-element elementor-element-27097f1 elementor-widget__width-inherit elementor-widget elementor-widget-banner-title\" data-id=\"27097f1\" data-element_type=\"widget\" data-widget_type=\"banner-title.default\">\n\t\t\t\t<div class=\"elementor-widget-container\">\n\t\t\t\t\t\t\t<section class=\"container-fluid top-banner no-padd  simple fullheight light\">\t\t\t\t<span class=\"overlay\"><\/span>\n\t\t\t<img decoding=\"async\" data-lazy-src=\"https:\/\/nammimarlik.com\/wp-content\/uploads\/2017\/01\/4-scaled.jpg\" src=\"data:image\/gif;base64,R0lGODdhAQABAIAAAAAAAMzMzCwAAAAAAQABAAACAkQBADs=\" class=\"s-img-switch\" alt=\"\" \/>\t\t\t<div class=\"content\">\n\t\t\t\t<div class=\"prague-svg-animation-text\">\n\t\t\t\t\t\t\t\t\t<\/div>\n\t\t\t\t\t\t\t\t<h1 class=\"title\">HAKKIMIZDA<\/h1>\t\t\t\t\t\t\t\t\t\t\t<\/div>\n\t\t\t<div class=\"top-banner-cursor\"><\/div>\n\t\t<\/section>\n\t\t\t\t\t\t<\/div>\n\t\t\t\t<\/div>\n\t\t\t\t<\/div>\n\t\t<div class=\"elementor-element elementor-element-0b11628 e-flex e-con-boxed e-con e-parent\" data-id=\"0b11628\" data-element_type=\"container\">\n\t\t\t\t\t<div class=\"e-con-inner\">\n\t\t<div class=\"elementor-element elementor-element-5dc36e2 e-con-full e-flex e-con e-child\" data-id=\"5dc36e2\" data-element_type=\"container\">\n\t\t\t\t<div class=\"elementor-element elementor-element-92e024c elementor-widget elementor-widget-counters-widget\" data-id=\"92e024c\" data-element_type=\"widget\" data-widget_type=\"counters-widget.default\">\n\t\t\t\t<div class=\"elementor-widget-container\">\n\t\t\t\t\t\t\t\t\t<div class=\"prague-counter  multi_item no-figure\">\n\n          <div class=\"figures none\">\n             <!-- triangle -->\n                          <svg xmlns=\"http:\/\/www.w3.org\/2000\/svg\" viewBox=\"0 0 200 200\"\n                preserveAspectRatio=\"xMidYMid meet\" >\n                                      <polygon points=\"\"  \/>\n                               <\/svg>\n                       <\/div>\n\n            <div class=\"counter-outer\"  style=\"padding:10px;\">\n\n\t\t\t\t          \n                                          <div class=\"numbers\">\n                                        <svg>\n                        <defs>\n                          <mask id=\"coming_mask_0\" x=\"0\" y=\"0\">\n                            <rect class=\"coming-alpha\" x=\"0\" y=\"0\" width=\"100%\" height=\"100%\"><\/rect>\n                                                        <text class=\"count number\" x=\"52%\" y=\"47%\" text-anchor=\"middle\" alignment-baseline=\"middle\">157<\/text>\n                                                                                    <text class=\"count title\" x=\"54%\" y=\"80%\" text-anchor=\"middle\" alignment-baseline=\"middle\" >PROJECTS DONE<\/text>\n                                                      <\/mask>\n                        <\/defs>\n                        <rect style=\"-webkit-mask: url(#coming_mask_0); mask: url(#coming_mask_0);\" class=\"base\" x=\"0\" y=\"0\" width=\"100%\" height=\"100%\"><\/rect>\n                      <\/svg>\n                                            <svg>\n                        <defs>\n                          <mask id=\"coming_mask_1\" x=\"0\" y=\"0\">\n                            <rect class=\"coming-alpha\" x=\"0\" y=\"0\" width=\"100%\" height=\"100%\"><\/rect>\n                                                        <text class=\"count number\" x=\"46%\" y=\"47%\" text-anchor=\"middle\" alignment-baseline=\"middle\">86<\/text>\n                                                                                    <text class=\"count title\" x=\"46%\" y=\"80%\" text-anchor=\"middle\" alignment-baseline=\"middle\" >HAPPY CLIENTS<\/text>\n                                                      <\/mask>\n                        <\/defs>\n                        <rect style=\"-webkit-mask: url(#coming_mask_1); mask: url(#coming_mask_1);\" class=\"base\" x=\"0\" y=\"0\" width=\"100%\" height=\"100%\"><\/rect>\n                      <\/svg>\n                                            <svg>\n                        <defs>\n                          <mask id=\"coming_mask_2\" x=\"0\" y=\"0\">\n                            <rect class=\"coming-alpha\" x=\"0\" y=\"0\" width=\"100%\" height=\"100%\"><\/rect>\n                                                        <text class=\"count number\" x=\"52%\" y=\"35%\" text-anchor=\"middle\" alignment-baseline=\"middle\">924<\/text>\n                                                                                    <text class=\"count title\" x=\"54%\" y=\"68%\" text-anchor=\"middle\" alignment-baseline=\"middle\" >WORKING HOURS<\/text>\n                                                      <\/mask>\n                        <\/defs>\n                        <rect style=\"-webkit-mask: url(#coming_mask_2); mask: url(#coming_mask_2);\" class=\"base\" x=\"0\" y=\"0\" width=\"100%\" height=\"100%\"><\/rect>\n                      <\/svg>\n                                            <svg>\n                        <defs>\n                          <mask id=\"coming_mask_3\" x=\"0\" y=\"0\">\n                            <rect class=\"coming-alpha\" x=\"0\" y=\"0\" width=\"100%\" height=\"100%\"><\/rect>\n                                                        <text class=\"count number\" x=\"46%\" y=\"35%\" text-anchor=\"middle\" alignment-baseline=\"middle\">13<\/text>\n                                                                                    <text class=\"count title\" x=\"46%\" y=\"68%\" text-anchor=\"middle\" alignment-baseline=\"middle\" >AWARDS<\/text>\n                                                      <\/mask>\n                        <\/defs>\n                        <rect style=\"-webkit-mask: url(#coming_mask_3); mask: url(#coming_mask_3);\" class=\"base\" x=\"0\" y=\"0\" width=\"100%\" height=\"100%\"><\/rect>\n                      <\/svg>\n                      \n                  \n                                <\/div>\n              \n            <\/div>\n        <\/div>\n\t\t\t\t\t\t\t<\/div>\n\t\t\t\t<\/div>\n\t\t\t\t<\/div>\n\t\t<div class=\"elementor-element elementor-element-650bce6 e-con-full e-flex e-con e-child\" data-id=\"650bce6\" data-element_type=\"container\">\n\t\t\t\t<div class=\"elementor-element elementor-element-f683ff5 elementor-widget elementor-widget-headings-widget\" data-id=\"f683ff5\" data-element_type=\"widget\" data-widget_type=\"headings-widget.default\">\n\t\t\t\t<div class=\"elementor-widget-container\">\n\t\t\t\t\t            <div class=\"heading  left dark \">\n\t\t\t\t\n\t\t\t\t                                    <h2 class=\"title s\">NAM Mimarl\u0131k<\/h2>\n                \t\t\t\t                <div class=\"content \">\n                    <p><p>2025 y\u0131l\u0131nda \u0130stanbul\u2019da Y\u00fcksek Mimar Nurdan \u0130nce taraf\u0131ndan kurulmu\u015ftur. 1996 do\u011fumlu Nurdan \u0130nce 2014 y\u0131l\u0131nda Pertevniyal Anadolu Lisesi\u2019nden; 2018 y\u0131l\u0131nda Mimar Sinan G\u00fczel Sanatlar \u00dcniversitesi Mimarl\u0131k Fak\u00fcltesi Mimarl\u0131k B\u00f6l\u00fcm\u00fc\u2019nden b\u00f6l\u00fcm ikincisi olarak mezun olmu\u015ftur. Sonras\u0131nda ayn\u0131 \u00fcniversitenin Koruma ve Restorasyon Y\u00fcksek Lisans program\u0131ndan kabul alm\u0131\u015ft\u0131r ve 2023 y\u0131l\u0131nda tamamlam\u0131\u015ft\u0131r. \u00d6\u011frencilik zaman\u0131nda ve mezun olduktan sonra da ekip ile birlikte yar\u0131\u015fma projelerine kat\u0131lm\u0131\u015ft\u0131r. Mezun oldu\u011fu y\u0131ldan bu yana \u00e7e\u015fitli ofislerde mimari uygulama projesi \u00e7izimi, 3 boyutlu g\u00f6rselle\u015ftirme, r\u00f6l\u00f6ve-restit\u00fcsyon-restorasyon proje \u00e7izimi ve i\u00e7 mimarl\u0131k uygulama hizmetlerinde g\u00f6rev yapm\u0131\u015ft\u0131r.<\/p><p>NAM Mimarl\u0131k olarak, estetik, fonksiyonellik ve s\u00fcrd\u00fcr\u00fclebilirli\u011fi birle\u015ftirerek, her projeyi benzersiz ve \u00e7a\u011fda\u015f bir \u015fekilde hayata ge\u00e7irmeye odaklanmaktay\u0131z. M\u00fc\u015fterilerimizin ihtiya\u00e7lar\u0131 do\u011frultusunda yarat\u0131c\u0131, yenilik\u00e7i ve \u00e7\u00f6z\u00fcm odakl\u0131 yakla\u015f\u0131mlar geli\u015ftirmek ve uygulamaya ge\u00e7irmek hedeflerimizdir.\u00a0\u00a0\u00a0\u00a0\u00a0\u00a0\u00a0\u00a0\u00a0\u00a0\u00a0\u00a0\u00a0\u00a0\u00a0\u00a0\u00a0\u00a0\u00a0\u00a0\u00a0\u00a0\u00a0\u00a0\u00a0\u00a0\u00a0\u00a0\u00a0\u00a0\u00a0\u00a0\u00a0\u00a0\u00a0\u00a0\u00a0\u00a0\u00a0\u00a0\u00a0\u00a0\u00a0\u00a0\u00a0\u00a0\u00a0\u00a0\u00a0\u00a0\u00a0\u00a0\u00a0\u00a0\u00a0\u00a0\u00a0\u00a0\u00a0\u00a0\u00a0\u00a0\u00a0\u00a0\u00a0\u00a0\u00a0\u00a0\u00a0\u00a0\u00a0\u00a0\u00a0\u00a0\u00a0\u00a0\u00a0\u00a0\u00a0\u00a0\u00a0\u00a0\u00a0\u00a0\u00a0\u00a0\u00a0\u00a0\u00a0\u00a0\u00a0\u00a0\u00a0\u00a0\u00a0\u00a0\u00a0\u00a0\u00a0\u00a0\u00a0\u00a0\u00a0\u00a0\u00a0\u00a0\u00a0\u00a0\u00a0\u00a0\u00a0\u00a0\u00a0\u00a0\u00a0\u00a0\u00a0\u00a0\u00a0\u00a0\u00a0\u00a0\u00a0\u00a0\u00a0\u00a0\u00a0\u00a0\u00a0\u00a0\u00a0\u00a0\u00a0\u00a0\u00a0\u00a0\u00a0\u00a0\u00a0\u00a0\u00a0\u00a0\u00a0\u00a0\u00a0\u00a0\u00a0\u00a0\u00a0\u00a0\u00a0\u00a0\u00a0\u00a0\u00a0\u00a0\u00a0\u00a0\u00a0\u00a0\u00a0\u00a0\u00a0\u00a0\u00a0\u00a0\u00a0\u00a0\u00a0\u00a0\u00a0\u00a0\u00a0\u00a0\u00a0\u00a0\u00a0\u00a0\u00a0\u00a0\u00a0\u00a0\u00a0\u00a0\u00a0\u00a0\u00a0\u00a0\u00a0\u00a0\u00a0\u00a0\u00a0\u00a0\u00a0\u00a0\u00a0\u00a0\u00a0\u00a0\u00a0\u00a0\u00a0\u00a0\u00a0\u00a0\u00a0\u00a0\u00a0\u00a0\u00a0\u00a0\u00a0\u00a0\u00a0\u00a0\u00a0\u00a0\u00a0\u00a0\u00a0\u00a0\u00a0\u00a0\u00a0\u00a0\u00a0\u00a0\u00a0\u00a0\u00a0\u00a0\u00a0\u00a0\u00a0\u00a0\u00a0\u00a0\u00a0\u00a0\u00a0\u00a0\u00a0\u00a0\u00a0\u00a0\u00a0\u00a0\u00a0 \u00a0\u00a0\u00a0\u00a0\u00a0\u00a0\u00a0\u00a0\u00a0\u00a0\u00a0\u00a0\u00a0\u00a0\u00a0\u00a0\u00a0\u00a0\u00a0\u00a0\u00a0\u00a0\u00a0\u00a0\u00a0\u00a0\u00a0\u00a0\u00a0\u00a0\u00a0\u00a0\u00a0\u00a0\u00a0\u00a0\u00a0\u00a0\u00a0\u00a0\u00a0\u00a0\u00a0\u00a0\u00a0\u00a0\u00a0\u00a0\u00a0\u00a0\u00a0\u00a0\u00a0\u00a0\u00a0\u00a0\u00a0\u00a0\u00a0\u00a0\u00a0\u00a0\u00a0\u00a0\u00a0\u00a0\u00a0\u00a0\u00a0\u00a0\u00a0\u00a0\u00a0\u00a0\u00a0\u00a0\u00a0\u00a0\u00a0\u00a0\u00a0\u00a0\u00a0\u00a0\u00a0\u00a0\u00a0\u00a0\u00a0\u00a0\u00a0\u00a0\u00a0\u00a0\u00a0\u00a0\u00a0\u00a0\u00a0\u00a0\u00a0\u00a0\u00a0\u00a0\u00a0\u00a0\u00a0\u00a0\u00a0\u00a0\u00a0\u00a0\u00a0\u00a0\u00a0\u00a0\u00a0\u00a0\u00a0\u00a0\u00a0\u00a0\u00a0\u00a0\u00a0\u00a0\u00a0\u00a0\u00a0\u00a0\u00a0\u00a0\u00a0\u00a0\u00a0\u00a0\u00a0\u00a0\u00a0\u00a0\u00a0\u00a0\u00a0\u00a0\u00a0\u00a0\u00a0\u00a0\u00a0\u00a0\u00a0\u00a0\u00a0\u00a0\u00a0\u00a0\u00a0\u00a0\u00a0\u00a0\u00a0\u00a0\u00a0\u00a0\u00a0\u00a0\u00a0\u00a0\u00a0\u00a0\u00a0\u00a0\u00a0\u00a0\u00a0\u00a0\u00a0\u00a0\u00a0\u00a0\u00a0\u00a0\u00a0\u00a0\u00a0\u00a0\u00a0\u00a0\u00a0\u00a0\u00a0\u00a0\u00a0\u00a0\u00a0\u00a0\u00a0\u00a0\u00a0\u00a0\u00a0\u00a0\u00a0\u00a0\u00a0\u00a0\u00a0\u00a0\u00a0\u00a0\u00a0\u00a0\u00a0\u00a0\u00a0\u00a0\u00a0\u00a0\u00a0\u00a0\u00a0\u00a0\u00a0\u00a0\u00a0\u00a0\u00a0\u00a0\u00a0\u00a0\u00a0\u00a0\u00a0\u00a0\u00a0\u00a0\u00a0\u00a0\u00a0\u00a0\u00a0\u00a0\u00a0\u00a0\u00a0\u00a0\u00a0\u00a0\u00a0\u00a0\u00a0\u00a0\u00a0\u00a0\u00a0\u00a0\u00a0\u00a0\u00a0\u00a0\u00a0\u00a0\u00a0\u00a0\u00a0\u00a0\u00a0\u00a0\u00a0\u00a0\u00a0\u00a0\u00a0\u00a0\u00a0\u00a0\u00a0\u00a0\u00a0\u00a0\u00a0\u00a0\u00a0\u00a0\u00a0\u00a0\u00a0\u00a0\u00a0\u00a0\u00a0\u00a0\u00a0\u00a0\u00a0\u00a0\u00a0\u00a0\u00a0\u00a0\u00a0\u00a0\u00a0\u00a0\u00a0\u00a0\u00a0\u00a0\u00a0\u00a0\u00a0\u00a0\u00a0\u00a0\u00a0\u00a0\u00a0\u00a0\u00a0\u00a0\u00a0\u00a0\u00a0\u00a0\u00a0\u00a0\u00a0\u00a0\u00a0\u00a0\u00a0\u00a0\u00a0\u00a0\u00a0\u00a0\u00a0\u00a0\u00a0\u00a0\u00a0\u00a0\u00a0\u00a0\u00a0\u00a0\u00a0\u00a0\u00a0\u00a0\u00a0\u00a0\u00a0\u00a0\u00a0\u00a0\u00a0\u00a0\u00a0\u00a0\u00a0\u00a0\u00a0\u00a0\u00a0\u00a0\u00a0\u00a0\u00a0\u00a0\u00a0\u00a0\u00a0\u00a0\u00a0\u00a0\u00a0\u00a0\u00a0\u00a0\u00a0\u00a0\u00a0\u00a0\u00a0\u00a0\u00a0\u00a0\u00a0\u00a0\u00a0\u00a0\u00a0\u00a0\u00a0\u00a0\u00a0\u00a0\u00a0\u00a0\u00a0\u00a0\u00a0\u00a0\u00a0\u00a0\u00a0\u00a0\u00a0\u00a0\u00a0\u00a0\u00a0\u00a0\u00a0\u00a0\u00a0\u00a0\u00a0\u00a0\u00a0\u00a0\u00a0\u00a0\u00a0\u00a0\u00a0\u00a0\u00a0\u00a0\u00a0\u00a0\u00a0\u00a0\u00a0\u00a0\u00a0\u00a0\u00a0\u00a0\u00a0\u00a0\u00a0\u00a0\u00a0\u00a0\u00a0\u00a0\u00a0\u00a0\u00a0\u00a0\u00a0\u00a0\u00a0\u00a0\u00a0\u00a0\u00a0\u00a0\u00a0\u00a0\u00a0\u00a0\u00a0\u00a0\u00a0\u00a0\u00a0\u00a0\u00a0\u00a0\u00a0\u00a0\u00a0\u00a0\u00a0\u00a0\u00a0\u00a0\u00a0\u00a0\u00a0<\/p><\/p><\/div>\n\t\t\t\t\n            <\/div>\n\t\t\t\t\t\t\t<\/div>\n\t\t\t\t<\/div>\n\t\t\t\t<\/div>\n\t\t\t\t\t<\/div>\n\t\t\t\t<\/div>\n\t\t<div class=\"elementor-element elementor-element-9ff02c7 e-con-full e-flex e-con e-parent\" data-id=\"9ff02c7\" data-element_type=\"container\">\n\t\t\t\t<div class=\"elementor-element elementor-element-306f485 elementor-widget elementor-widget-prague-wrapper\" data-id=\"306f485\" data-element_type=\"widget\" data-widget_type=\"prague-wrapper.default\">\n\t\t\t\t<div class=\"elementor-widget-container\">\n\t\t\t\t\t\t\t\t<div class=\"prague-shortcode-parent \">\n\t\t\t\t<div class=\"prague-shortcode-parent-img\">\n\t\t\t\t\t<span class=\"overlay\"><\/span>\n\t\t\t\t\t<img decoding=\"async\" data-lazy-src=\"https:\/\/nammimarlik.com\/wp-content\/uploads\/2025\/02\/construction-plans-drawing-tools-blueprints-scaled.jpg\" src=\"data:image\/gif;base64,R0lGODdhAQABAIAAAAAAAMzMzCwAAAAAAQABAAACAkQBADs=\" class=\"s-img-switch\" alt=\"\" \/>\t\t\t\t<\/div>\n\t\t\t\t\n\t\t\t\t<div class=\"prague-shortcode-content-wrapp\">\n\t\t\t\t\t<div class=\"prague-shortcode-heading  light left\">\n\t\t\t\t\t\t\n\t\t\t\t\t\t\t\t\t\t\t\t\t<h2 class=\"parent-title\">H\u0130ZMETLER<\/h2>\n\t\t\t\t\t\t\t\t\t\t\t<\/div>\n\t\t\t\t\n\t\t\t\t\t\t\t\t\t<\/div>\n\t\t\t\t\n\t\t\t<\/div>\n\t\t\t\t\t\t\t<\/div>\n\t\t\t\t<\/div>\n\t\t\t\t<\/div>\n\t\t<div class=\"elementor-element elementor-element-65c544f7 e-flex e-con-boxed e-con e-parent\" data-id=\"65c544f7\" data-element_type=\"container\">\n\t\t\t\t\t<div class=\"e-con-inner\">\n\t\t\t\t<div class=\"elementor-element elementor-element-10a86279 services_section_about_me_page elementor-widget elementor-widget-custom-post-type-widget\" data-id=\"10a86279\" data-element_type=\"widget\" data-widget_type=\"custom-post-type-widget.default\">\n\t\t\t\t<div class=\"elementor-widget-container\">\n\t\t\t\t\t<div data-unique-key=\"0bf3c8aa9017e52dd041b7e2c3327621\" class=\"js-load-more\" data-start-page=\"1\" data-max-page=\"1\" data-next-link=\"\"><div class=\"row prague_services prague_count_col3 prague_gap_col15 js-load-more-block no-footer-content prague-load-wrapper\" data-columns=\"prague_count_col3\" data-gap=\"prague_gap_col15\">\n<div class=\"portfolio-item-wrapp prague_filter_class js-filter-simple-block\">\n\t<div class=\"portfolio-item\">\n\n\t\t<div class=\"prague-services-wrapper\">\n\t\t\t\t\t\t\t<span class=\"services-item-icon icon-circle-compass\"><\/span>\n\t\t\t \n\t\t\t<h3 class=\"services-item-title\">Mimari Proje<\/h3>\n\t\t\t<div class=\"services-item-description\">\n\t\t\t\t<p>Master planlar\u0131m\u0131z, bir kurulu\u015fun bug\u00fcn nerede oldu\u011funa dair kapsaml\u0131 bir bak\u0131\u015f sa\u011flar.<\/p>\n\t\t\t<\/div>\n\t\t\t\t\t\t<a href=\"https:\/\/nammimarlik.com\/index.php\/services-item\/mimari-proje\/\" class=\"prague-services-link a-btn-2 creative\" target=\"_blank\">\n\t\t\t\t<span class=\"a-btn-line\"><\/span>\n\t\t\t    READ\t\t\t<\/a>\n\n\t\t<\/div>\n\n\t<\/div>\n<\/div>\n<div class=\"portfolio-item-wrapp prague_filter_class js-filter-simple-block column_paralax\">\n\t<div class=\"portfolio-item\">\n\n\t\t<div class=\"prague-services-wrapper\">\n\t\t\t\t\t\t\t<span class=\"services-item-icon icon-lightbulb\"><\/span>\n\t\t\t \n\t\t\t<h3 class=\"services-item-title\">\u0130\u00e7 Mimari<\/h3>\n\t\t\t<div class=\"services-item-description\">\n\t\t\t\t<p>Mimar\u0131n\u0131zdan, mobilyalar konusunda tavsiyelerde bulunarak bir i\u00e7 tasar\u0131m hizmeti almas\u0131n\u0131 isteyebilirsiniz.<\/p>\n\t\t\t<\/div>\n\t\t\t\t\t\t<a href=\"https:\/\/nammimarlik.com\/index.php\/services-item\/ic-mimari\/\" class=\"prague-services-link a-btn-2 creative\" target=\"_blank\">\n\t\t\t\t<span class=\"a-btn-line\"><\/span>\n\t\t\t    READ\t\t\t<\/a>\n\n\t\t<\/div>\n\n\t<\/div>\n<\/div>\n<div class=\"portfolio-item-wrapp prague_filter_class js-filter-simple-block\">\n\t<div class=\"portfolio-item\">\n\n\t\t<div class=\"prague-services-wrapper\">\n\t\t\t\t\t\t\t<span class=\"services-item-icon icon-layers\"><\/span>\n\t\t\t \n\t\t\t<h3 class=\"services-item-title\">3 Boyutlu Modelleme<\/h3>\n\t\t\t<div class=\"services-item-description\">\n\t\t\t\t<p>Mimari projelerinizi ger\u00e7e\u011fe en yak\u0131n \u015fekilde g\u00f6rselle\u015ftiriyoruz! <\/p>\n\t\t\t<\/div>\n\t\t\t\t\t\t<a href=\"https:\/\/nammimarlik.com\/index.php\/services-item\/exterior\/\" class=\"prague-services-link a-btn-2 creative\" target=\"_blank\">\n\t\t\t\t<span class=\"a-btn-line\"><\/span>\n\t\t\t    READ\t\t\t<\/a>\n\n\t\t<\/div>\n\n\t<\/div>\n<\/div>\n<div class=\"portfolio-item-wrapp prague_filter_class js-filter-simple-block\">\n\t<div class=\"portfolio-item\">\n\n\t\t<div class=\"prague-services-wrapper\">\n\t\t\t\t\t\t\t<span class=\"services-item-icon icon-tools-2\"><\/span>\n\t\t\t \n\t\t\t<h3 class=\"services-item-title\">Restorasyon<\/h3>\n\t\t\t<div class=\"services-item-description\">\n\t\t\t\t<p>Tarihi yap\u0131lar\u0131n \u00f6zg\u00fcn kimli\u011fini koruyarak gelece\u011fe ta\u015f\u0131mak i\u00e7in titizlikle \u00e7al\u0131\u015f\u0131yoruz.<\/p>\n\t\t\t<\/div>\n\t\t\t\t\t\t<a href=\"https:\/\/nammimarlik.com\/index.php\/services-item\/restorasyon\/\" class=\"prague-services-link a-btn-2 creative\" target=\"_blank\">\n\t\t\t\t<span class=\"a-btn-line\"><\/span>\n\t\t\t    READ\t\t\t<\/a>\n\n\t\t<\/div>\n\n\t<\/div>\n<\/div>\n<div class=\"portfolio-item-wrapp prague_filter_class js-filter-simple-block column_paralax\">\n\t<div class=\"portfolio-item\">\n\n\t\t<div class=\"prague-services-wrapper\">\n\t\t\t\t\t\t\t<span class=\"services-item-icon icon-puzzle\"><\/span>\n\t\t\t \n\t\t\t<h3 class=\"services-item-title\">Uygulama<\/h3>\n\t\t\t<div class=\"services-item-description\">\n\t\t\t\t<p>Uygulama hizmetimizle mimari ve i\u00e7 mimari projelerinizi hayata ge\u00e7iriyoruz!<\/p>\n\t\t\t<\/div>\n\t\t\t\t\t\t<a href=\"https:\/\/nammimarlik.com\/index.php\/services-item\/uygulama\/\" class=\"prague-services-link a-btn-2 creative\" target=\"_blank\">\n\t\t\t\t<span class=\"a-btn-line\"><\/span>\n\t\t\t    READ\t\t\t<\/a>\n\n\t\t<\/div>\n\n\t<\/div>\n<\/div>\n<div class=\"portfolio-item-wrapp prague_filter_class js-filter-simple-block\">\n\t<div class=\"portfolio-item\">\n\n\t\t<div class=\"prague-services-wrapper\">\n\t\t\t\t\t\t\t<span class=\"services-item-icon icon-chat\"><\/span>\n\t\t\t \n\t\t\t<h3 class=\"services-item-title\">Dan\u0131\u015fmanl\u0131k<\/h3>\n\t\t\t<div class=\"services-item-description\">\n\t\t\t\t<p>Mimari ve i\u00e7 mimari projeleriniz i\u00e7in zamandan ve mek\u00e2ndan ba\u011f\u0131ms\u0131z profesyonel destek al\u0131n!<\/p>\n\t\t\t<\/div>\n\t\t\t\t\t\t<a href=\"https:\/\/nammimarlik.com\/index.php\/services-item\/danismanlik\/\" class=\"prague-services-link a-btn-2 creative\" target=\"_blank\">\n\t\t\t\t<span class=\"a-btn-line\"><\/span>\n\t\t\t    READ\t\t\t<\/a>\n\n\t\t<\/div>\n\n\t<\/div>\n<\/div>\t\t<\/div>\n\t\t\t\n\t\t<\/div>\n\t\t\t\t\t\t<\/div>\n\t\t\t\t<\/div>\n\t\t\t\t\t<\/div>\n\t\t\t\t<\/div>\n\t\t\t\t<\/div>\n\t\t","protected":false},"excerpt":{"rendered":"Mimari ve i\u00e7 mimari projeleriniz i\u00e7in zamandan ve mek\u00e2ndan ba\u011f\u0131ms\u0131z profesyonel destek al\u0131n! Online dan\u0131\u015fmanl\u0131k hizmetimizle, proje s\u00fcre\u00e7lerinizi h\u0131zland\u0131r\u0131yor, ihtiya\u00e7lar\u0131n\u0131za","protected":false},"author":1,"featured_media":0,"parent":0,"menu_order":0,"comment_status":"closed","ping_status":"closed","template":"elementor_header_footer","meta":{"footnotes":""},"class_list":["post-3278","page","type-page","status-publish","hentry"],"featured_image_src":"","featured_image_src_square":"","_links":{"self":[{"href":"https:\/\/nammimarlik.com\/index.php\/wp-json\/wp\/v2\/pages\/3278","targetHints":{"allow":["GET"]}}],"collection":[{"href":"https:\/\/nammimarlik.com\/index.php\/wp-json\/wp\/v2\/pages"}],"about":[{"href":"https:\/\/nammimarlik.com\/index.php\/wp-json\/wp\/v2\/types\/page"}],"author":[{"embeddable":true,"href":"https:\/\/nammimarlik.com\/index.php\/wp-json\/wp\/v2\/users\/1"}],"replies":[{"embeddable":true,"href":"https:\/\/nammimarlik.com\/index.php\/wp-json\/wp\/v2\/comments?post=3278"}],"version-history":[{"count":10,"href":"https:\/\/nammimarlik.com\/index.php\/wp-json\/wp\/v2\/pages\/3278\/revisions"}],"predecessor-version":[{"id":5555,"href":"https:\/\/nammimarlik.com\/index.php\/wp-json\/wp\/v2\/pages\/3278\/revisions\/5555"}],"wp:attachment":[{"href":"https:\/\/nammimarlik.com\/index.php\/wp-json\/wp\/v2\/media?parent=3278"}],"curies":[{"name":"wp","href":"https:\/\/api.w.org\/{rel}","templated":true}]}}