{"id":3612,"date":"2023-10-30T10:12:00","date_gmt":"2023-10-30T10:12:00","guid":{"rendered":"https:\/\/demos-prague.foxthemes.me\/elementor\/?page_id=3612"},"modified":"2025-09-19T15:55:39","modified_gmt":"2025-09-19T12:55:39","slug":"iletisim","status":"publish","type":"page","link":"https:\/\/nammimarlik.com\/index.php\/iletisim\/","title":{"rendered":"\u0130leti\u015fim"},"content":{"rendered":"\t\t<div data-elementor-type=\"wp-page\" data-elementor-id=\"3612\" class=\"elementor elementor-3612\">\n\t\t\t\t<div class=\"elementor-element elementor-element-d12eb49 e-con-full e-flex e-con e-parent\" data-id=\"d12eb49\" data-element_type=\"container\">\n\t\t\t\t<div class=\"elementor-element elementor-element-1eec162 elementor-widget elementor-widget-banner-title\" data-id=\"1eec162\" data-element_type=\"widget\" data-widget_type=\"banner-title.default\">\n\t\t\t\t<div class=\"elementor-widget-container\">\n\t\t\t\t\t\t\t<section class=\"container-fluid top-banner no-padd  big fullheight light\">\t\t\t\t<span class=\"overlay\"><\/span>\n\t\t\t<img decoding=\"async\" data-lazy-src=\"https:\/\/nammimarlik.com\/wp-content\/uploads\/2025\/02\/construction-plans-drawing-tools-blueprints-scaled.jpg\" src=\"data:image\/gif;base64,R0lGODdhAQABAIAAAAAAAMzMzCwAAAAAAQABAAACAkQBADs=\" class=\"s-img-switch\" alt=\"\" \/>\t\t\t<div class=\"content\">\n\t\t\t\t<div class=\"prague-svg-animation-text\">\n\t\t\t\t\t\t\t\t\t<\/div>\n\t\t\t\t<div class=\"subtitle\">\u0130LET\u0130\u015e\u0130M<\/div>\t\t\t\t<h1 class=\"title\">Mimari projeleriniz i\u00e7in bize ula\u015f\u0131n <\/h1>\t\t\t\t\t\t\t\t\t\t\t<\/div>\n\t\t\t<div class=\"top-banner-cursor\"><\/div>\n\t\t<\/section>\n\t\t\t\t\t\t<\/div>\n\t\t\t\t<\/div>\n\t\t\t\t<\/div>\n\t\t<div class=\"elementor-element elementor-element-1350c78 e-flex e-con-boxed e-con e-parent\" data-id=\"1350c78\" data-element_type=\"container\">\n\t\t\t\t\t<div class=\"e-con-inner\">\n\t\t<div class=\"elementor-element elementor-element-b87d8d5 e-con-full e-flex e-con e-child\" data-id=\"b87d8d5\" data-element_type=\"container\">\n\t\t\t\t<div class=\"elementor-element elementor-element-2b47c5b elementor-widget elementor-widget-headings-widget\" data-id=\"2b47c5b\" data-element_type=\"widget\" data-widget_type=\"headings-widget.default\">\n\t\t\t\t<div class=\"elementor-widget-container\">\n\t\t\t\t\t            <div class=\"heading  left dark \">\n\t\t\t\t\n\t\t\t\t                                    <h2 class=\"title s\">\u0130LET\u0130\u015e\u0130M<\/h2>\n                \t\t\t\t                <div class=\"content \">\n                    <p><p>Ba\u015far\u0131l\u0131 i\u015flere imza atmak i\u00e7in bize ula\u015f\u0131n.<\/p><\/p><\/div>\n\t\t\t\t\n            <\/div>\n\t\t\t\t\t\t\t<\/div>\n\t\t\t\t<\/div>\n\t\t<div class=\"elementor-element elementor-element-f1efa80 e-con-full e-flex e-con e-child\" data-id=\"f1efa80\" data-element_type=\"container\">\n\t\t<div class=\"elementor-element elementor-element-3ed4783 e-con-full e-flex e-con e-child\" data-id=\"3ed4783\" data-element_type=\"container\">\n\t\t\t\t<div class=\"elementor-element elementor-element-2abbbce elementor-widget elementor-widget-address-widget\" data-id=\"2abbbce\" data-element_type=\"widget\" data-widget_type=\"address-widget.default\">\n\t\t\t\t<div class=\"elementor-widget-container\">\n\t\t\t\t\t\t\t <div class=\"adddress-block  \">\n          \n          <div class=\"address-block-outer\">\n                        <span class=\"separator\"><\/span>\n                        \n                        <h4 class=\"address-title\"> TELEFON<\/h4>\n            \n            \n            <p><a href=\"tel:+905423067293\">+905423067293<\/a><\/p>\n          <\/div>\n      <\/div>\n      \t\t\t\t<\/div>\n\t\t\t\t<\/div>\n\t\t\t\t<\/div>\n\t\t<div class=\"elementor-element elementor-element-6b4b13e e-con-full e-flex e-con e-child\" data-id=\"6b4b13e\" data-element_type=\"container\">\n\t\t\t\t<div class=\"elementor-element elementor-element-6da93c9 elementor-widget elementor-widget-address-widget\" data-id=\"6da93c9\" data-element_type=\"widget\" data-widget_type=\"address-widget.default\">\n\t\t\t\t<div class=\"elementor-widget-container\">\n\t\t\t\t\t\t\t <div class=\"adddress-block  \">\n          \n          <div class=\"address-block-outer\">\n                        <span class=\"separator\"><\/span>\n                        \n                        <h4 class=\"address-title\">EMAIL<\/h4>\n            \n            \n            <p><a href=\"mailto:nam.mimari.tasarim@gmail.com\">nam.mimari.tasarim@gmail.com<\/a><\/p>\n<p>\u00a0<\/p>\n          <\/div>\n      <\/div>\n      \t\t\t\t<\/div>\n\t\t\t\t<\/div>\n\t\t\t\t<\/div>\n\t\t<div class=\"elementor-element elementor-element-0c30340 e-con-full e-flex e-con e-child\" data-id=\"0c30340\" data-element_type=\"container\">\n\t\t\t\t<div class=\"elementor-element elementor-element-d1726a7 elementor-widget elementor-widget-address-widget\" data-id=\"d1726a7\" data-element_type=\"widget\" data-widget_type=\"address-widget.default\">\n\t\t\t\t<div class=\"elementor-widget-container\">\n\t\t\t\t\t\t\t <div class=\"adddress-block  \">\n          \n          <div class=\"address-block-outer\">\n                        <span class=\"separator\"><\/span>\n                        \n                        <h4 class=\"address-title\">INSTGRAM<\/h4>\n            \n            \n            <p><a href=\"https:\/\/www.instagram.com\/nam.mimarlik\/?igsh=MWFqaWV4YXl2YWl3Mw%3D%3D#\">nam.mimarlik<\/a><\/p>\n          <\/div>\n      <\/div>\n      \t\t\t\t<\/div>\n\t\t\t\t<\/div>\n\t\t\t\t<\/div>\n\t\t\t\t<\/div>\n\t\t\t\t<\/div>\n\t\t<div class=\"elementor-element elementor-element-e221449 e-con-full e-flex e-con e-child\" data-id=\"e221449\" data-element_type=\"container\">\n\t\t\t\t<div class=\"elementor-element elementor-element-6f491e1 elementor-widget elementor-widget-formidablez\" data-id=\"6f491e1\" data-element_type=\"widget\" data-widget_type=\"formidablez.default\">\n\t\t\t\t<div class=\"elementor-widget-container\">\n\t\t\t\t\t\t\t\n\t\t\t<div class=\"prague-formidable \"> <div class=\"frm_forms  with_frm_style frm_style_formidable-style-2-3\" id=\"frm_form_1_container\" >\n<form enctype=\"multipart\/form-data\" method=\"post\" class=\"frm-show-form \" id=\"form_contact-form\" >\n<div class=\"frm_form_fields \">\n<fieldset>\n<legend class=\"frm_screen_reader\">Contact Us<\/legend>\n\n<div class=\"frm_fields_container\">\n<input type=\"hidden\" name=\"frm_action\" value=\"create\" \/>\n<input type=\"hidden\" name=\"form_id\" value=\"1\" \/>\n<input type=\"hidden\" name=\"frm_hide_fields_1\" id=\"frm_hide_fields_1\" value=\"\" \/>\n<input type=\"hidden\" name=\"form_key\" value=\"contact-form\" \/>\n<input type=\"hidden\" name=\"item_meta[0]\" value=\"\" \/>\n<input type=\"hidden\" id=\"frm_submit_entry_1\" name=\"frm_submit_entry_1\" value=\"f7adf17d32\" \/><input type=\"hidden\" name=\"_wp_http_referer\" value=\"\/index.php\/wp-json\/wp\/v2\/pages\/3612\" \/><div id=\"frm_field_1_container\" class=\"frm_form_field form-field  frm_required_field frm_top_container frm_first frm_half\">\n\t<label for=\"field_qh4icy\" id=\"field_qh4icy_label\" class=\"frm_primary_label\">\u0130sim\n\t\t<span class=\"frm_required\" aria-hidden=\"true\">*<\/span>\n\t<\/label>\n\t<input type=\"text\" id=\"field_qh4icy\" name=\"item_meta[1]\" value=\"\"  data-reqmsg=\"\u0130sim cannot be blank.\" aria-required=\"true\" data-invmsg=\"\u0130sim is invalid\" aria-invalid=\"false\"  \/>\n\t\n\t\n<\/div>\n<div id=\"frm_field_2_container\" class=\"frm_form_field form-field  frm_required_field frm_hidden_container frm_half\">\n\t<label for=\"field_ocfup1\" id=\"field_ocfup1_label\" class=\"frm_primary_label\">Soyisim\n\t\t<span class=\"frm_required\" aria-hidden=\"true\">*<\/span>\n\t<\/label>\n\t<input type=\"text\" id=\"field_ocfup1\" name=\"item_meta[2]\" value=\"\"  data-reqmsg=\"Soyisim cannot be blank.\" aria-required=\"true\" data-invmsg=\"Soyisim is invalid\" aria-invalid=\"false\"  \/>\n\t\n\t\n<\/div>\n<div id=\"frm_field_3_container\" class=\"frm_form_field form-field  frm_required_field frm_top_container frm_full\">\n\t<label for=\"field_29yf4d\" id=\"field_29yf4d_label\" class=\"frm_primary_label\">Email\n\t\t<span class=\"frm_required\" aria-hidden=\"true\">*<\/span>\n\t<\/label>\n\t<input type=\"email\" id=\"field_29yf4d\" name=\"item_meta[3]\" value=\"\"  data-reqmsg=\"Email cannot be blank.\" aria-required=\"true\" data-invmsg=\"Please enter a valid email address\" aria-invalid=\"false\"  \/>\n\t\n\t\n<\/div>\n<div id=\"frm_field_4_container\" class=\"frm_form_field form-field  frm_required_field frm_top_container frm_full\">\n\t<label for=\"field_e6lis6\" id=\"field_e6lis6_label\" class=\"frm_primary_label\">Konu\n\t\t<span class=\"frm_required\" aria-hidden=\"true\">*<\/span>\n\t<\/label>\n\t<input type=\"text\" id=\"field_e6lis6\" name=\"item_meta[4]\" value=\"\"  data-reqmsg=\"Konu cannot be blank.\" aria-required=\"true\" data-invmsg=\"Konu is invalid\" aria-invalid=\"false\"  \/>\n\t\n\t\n<\/div>\n<div id=\"frm_field_5_container\" class=\"frm_form_field form-field  frm_required_field frm_top_container frm_full\">\n\t<label for=\"field_9jv0r1\" id=\"field_9jv0r1_label\" class=\"frm_primary_label\">Mesaj\n\t\t<span class=\"frm_required\" aria-hidden=\"true\">*<\/span>\n\t<\/label>\n\t<textarea name=\"item_meta[5]\" id=\"field_9jv0r1\" rows=\"5\"  data-reqmsg=\"Mesaj cannot be blank.\" aria-required=\"true\" data-invmsg=\"Mesaj is invalid\" aria-invalid=\"false\"  ><\/textarea>\n\t\n\t\n<\/div>\n<div id=\"frm_field_6_container\" class=\"frm_form_field form-field \">\n\t<div class=\"frm_submit frm_flex\">\n<button class=\"frm_button_submit\" type=\"submit\"  >G\u00f6nder<\/button>\n\n\n\n<\/div>\n<\/div>\n\t<input type=\"hidden\" name=\"item_key\" value=\"\" \/>\n\t\t\t\t<div class=\"frm__67b74067ed708\">\n\t\t\t\t<label for=\"frm_email_1\" >\n\t\t\t\t\tIf you are human, leave this field blank.\t\t\t\t<\/label>\n\t\t\t\t<input  id=\"frm_email_1\" type=\"text\" class=\"frm_verify\" name=\"frm__67b74067ed708\" value=\"\" autocomplete=\"off\"  \/>\n\t\t\t<\/div>\n\t\t<\/div>\n<\/fieldset>\n<\/div>\n\n<\/form>\n<\/div>\n\t\t\t<\/div>\n\t\t\t<div class=\"test 1\"><\/div>\n\t\t\t\n\t\t\t\t\t<\/div>\n\t\t\t\t<\/div>\n\t\t\t\t<\/div>\n\t\t\t\t\t<\/div>\n\t\t\t\t<\/div>\n\t\t<div class=\"elementor-element elementor-element-587886f e-flex e-con-boxed e-con e-parent\" data-id=\"587886f\" data-element_type=\"container\">\n\t\t\t\t\t<div class=\"e-con-inner\">\n\t\t\t\t<div class=\"elementor-element elementor-element-fd58943 elementor-widget elementor-widget-google_maps\" data-id=\"fd58943\" data-element_type=\"widget\" data-widget_type=\"google_maps.default\">\n\t\t\t\t<div class=\"elementor-widget-container\">\n\t\t\t\t\t\t\t<div class=\"elementor-custom-embed\">\n\t\t\t<iframe loading=\"lazy\"\n\t\t\t\t\tsrc=\"https:\/\/maps.google.com\/maps?q=KURTK%C3%96Y%20MAH.%20ORHANLI%20CAD.%20NO%3A111B%20OPT%C4%B0MUM%20C%C4%B0TY&#038;t=m&#038;z=17&#038;output=embed&#038;iwloc=near\"\n\t\t\t\t\ttitle=\"KURTK\u00d6Y MAH. ORHANLI CAD. NO:111B OPT\u0130MUM C\u0130TY\"\n\t\t\t\t\taria-label=\"KURTK\u00d6Y MAH. ORHANLI CAD. NO:111B OPT\u0130MUM C\u0130TY\"\n\t\t\t><\/iframe>\n\t\t<\/div>\n\t\t\t\t\t\t<\/div>\n\t\t\t\t<\/div>\n\t\t\t\t\t<\/div>\n\t\t\t\t<\/div>\n\t\t\t\t<\/div>\n\t\t","protected":false},"excerpt":{"rendered":"","protected":false},"author":1,"featured_media":0,"parent":0,"menu_order":0,"comment_status":"closed","ping_status":"closed","template":"elementor_header_footer","meta":{"footnotes":""},"class_list":["post-3612","page","type-page","status-publish","hentry"],"featured_image_src":"","featured_image_src_square":"","_links":{"self":[{"href":"https:\/\/nammimarlik.com\/index.php\/wp-json\/wp\/v2\/pages\/3612","targetHints":{"allow":["GET"]}}],"collection":[{"href":"https:\/\/nammimarlik.com\/index.php\/wp-json\/wp\/v2\/pages"}],"about":[{"href":"https:\/\/nammimarlik.com\/index.php\/wp-json\/wp\/v2\/types\/page"}],"author":[{"embeddable":true,"href":"https:\/\/nammimarlik.com\/index.php\/wp-json\/wp\/v2\/users\/1"}],"replies":[{"embeddable":true,"href":"https:\/\/nammimarlik.com\/index.php\/wp-json\/wp\/v2\/comments?post=3612"}],"version-history":[{"count":29,"href":"https:\/\/nammimarlik.com\/index.php\/wp-json\/wp\/v2\/pages\/3612\/revisions"}],"predecessor-version":[{"id":5921,"href":"https:\/\/nammimarlik.com\/index.php\/wp-json\/wp\/v2\/pages\/3612\/revisions\/5921"}],"wp:attachment":[{"href":"https:\/\/nammimarlik.com\/index.php\/wp-json\/wp\/v2\/media?parent=3612"}],"curies":[{"name":"wp","href":"https:\/\/api.w.org\/{rel}","templated":true}]}}