{"id":4137,"date":"2023-10-31T10:32:38","date_gmt":"2023-10-31T10:32:38","guid":{"rendered":"https:\/\/demos-prague.foxthemes.me\/elementor\/?page_id=4137"},"modified":"2025-10-20T15:35:09","modified_gmt":"2025-10-20T12:35:09","slug":"minimalist-home","status":"publish","type":"page","link":"https:\/\/nammimarlik.com\/","title":{"rendered":"Minimalist Home"},"content":{"rendered":"\t\t<div data-elementor-type=\"wp-page\" data-elementor-id=\"4137\" class=\"elementor elementor-4137\">\n\t\t\t\t<div class=\"elementor-element elementor-element-7eec624 e-con-full e-flex e-con e-parent\" data-id=\"7eec624\" data-element_type=\"container\">\n\t\t\t\t<div class=\"elementor-element elementor-element-f06b234 elementor-widget elementor-widget-banner-title\" data-id=\"f06b234\" data-element_type=\"widget\" data-widget_type=\"banner-title.default\">\n\t\t\t\t<div class=\"elementor-widget-container\">\n\t\t\t\t\t\t\t<section class=\"container-fluid top-banner no-padd  big fullheight light\">\t\t\t\t<span class=\"overlay\"><\/span>\n\t\t\t<img decoding=\"async\" data-lazy-src=\"https:\/\/nammimarlik.com\/wp-content\/uploads\/2017\/01\/Enscape_2024-12-24-20-49-46_N_1-scaled.jpg\" src=\"data:image\/gif;base64,R0lGODdhAQABAIAAAAAAAMzMzCwAAAAAAQABAAACAkQBADs=\" class=\"s-img-switch\" alt=\"\" \/>\t\t\t<div class=\"content\">\n\t\t\t\t<div class=\"prague-svg-animation-text\">\n\t\t\t\t\t\t\t\t\t<\/div>\n\t\t\t\t\t\t\t\t<h1 class=\"title\">NAM Mimarl\u0131k<\/h1>\t\t\t\t<div class=\"description\"><p><p>M\u0130MAR\u0130 PROJE<\/p><p>\u0130\u00c7 M\u0130MAR\u0130 DANI\u015eMANLIK &amp; UYGULAMA<\/p><p>R\u00d6L\u00d6VE-RESTORASYON\u00a0<\/p><\/p><\/div>\t\t\t\t\t\t\t\t\t\t<a href=\"https:\/\/nammimarlik.com\/index.php\/isler\/\" class=\"a-btn creative\" target=\"_blank\">\n\t\t\t\t\t\t\t<span class=\"a-btn-line\"><\/span>\n\t\t\t\t\t\t\tProjeleri G\u00f6r\u00fcn\t\t\t\t\t\t<\/a>\n\t\t\t\t\t\t\t\t<\/div>\n\t\t\t<div class=\"top-banner-cursor\"><\/div>\n\t\t<\/section>\n\t\t\t\t\t\t<\/div>\n\t\t\t\t<\/div>\n\t\t\t\t<\/div>\n\t\t<div class=\"elementor-element elementor-element-3444f7f e-flex e-con-boxed e-con e-parent\" data-id=\"3444f7f\" data-element_type=\"container\">\n\t\t\t\t\t<div class=\"e-con-inner\">\n\t\t\t\t<div class=\"elementor-element elementor-element-33d9101 elementor-widget elementor-widget-headings-widget\" data-id=\"33d9101\" data-element_type=\"widget\" data-widget_type=\"headings-widget.default\">\n\t\t\t\t<div class=\"elementor-widget-container\">\n\t\t\t\t\t            <div class=\"heading  Center dark \">\n\t\t\t\t\n\t\t\t\t                \t\t\t\t                <div class=\"content \">\n                    <p><p>Mimarl\u0131k hizmeti almak, sadece estetik a\u00e7\u0131dan de\u011fil, i\u015flevsellik ve s\u00fcrd\u00fcr\u00fclebilirlik sa\u011flamak i\u00e7in de gereklidir. Bir mimar, hayalinizdeki mekanlar\u0131, sizin ihtiya\u00e7lar\u0131n\u0131za ve ya\u015fam tarz\u0131n\u0131za uygun, uzun \u00f6m\u00fcrl\u00fc ve yenilik\u00e7i \u00e7\u00f6z\u00fcmlerle tasarlar. Uzmanl\u0131k ve deneyim, her projede en verimli ve estetik sonu\u00e7lar\u0131 elde etmenize yard\u0131mc\u0131 olur. Hem zamandan hem de b\u00fct\u00e7eden tasarruf ederek, her detay\u0131n m\u00fckemmel oldu\u011fu bir ya\u015fam alan\u0131 olu\u015fturabilirsiniz.<\/p><\/p><\/div>\n\t\t\t\t\n            <\/div>\n\t\t\t\t\t\t\t<\/div>\n\t\t\t\t<\/div>\n\t\t\t\t\t<\/div>\n\t\t\t\t<\/div>\n\t\t<div class=\"elementor-element elementor-element-2a83f62 e-flex e-con-boxed e-con e-parent\" data-id=\"2a83f62\" data-element_type=\"container\">\n\t\t\t\t\t<div class=\"e-con-inner\">\n\t\t\t\t<div class=\"elementor-element elementor-element-633ebaf elementor-widget elementor-widget-custom-post-type-widget\" data-id=\"633ebaf\" data-element_type=\"widget\" data-widget_type=\"custom-post-type-widget.default\">\n\t\t\t\t<div class=\"elementor-widget-container\">\n\t\t\t\t\t<div data-unique-key=\"d30797fabd788147235e48099dfaacc0\" class=\"js-load-more\" data-start-page=\"1\" data-max-page=\"2\" data-next-link=\"https:\/\/nammimarlik.com\/index.php\/wp-json\/wp\/v2\/pages\/4137\/page\/2\/\"><div class=\"row prague_grid prague_count_col3 prague_gap_col10  no-footer-content prague-load-wrapper\" data-columns=\"prague_count_col3\" data-gap=\"prague_gap_col10\">\n<div class=\"portfolio-item-wrapp portfolio-item-paralax \">\n\t<div class=\"portfolio-item\">\n\n\t\t<div class=\"project-grid-wrapper\">\n\n\t\t\t\t\t\t<a class=\"project-grid-item-img-link\" href=\"https:\/\/nammimarlik.com\/index.php\/projects-item\/solo-design-furniture\/\" target=\"_blank\">\n\t\t\t\t<div class=\"project-grid-item-img\"> \n\t\t\t\t\t<img fetchpriority=\"high\" decoding=\"async\" width=\"2560\" height=\"1440\" src=\"https:\/\/nammimarlik.com\/wp-content\/uploads\/2017\/01\/Enscape_2024-12-24-20-49-46_N_1-scaled.jpg\" class=\"s-img-switch wp-post-image\" alt=\"\" data-lazy-src=\"https:\/\/nammimarlik.com\/wp-content\/uploads\/2017\/01\/Enscape_2024-12-24-20-49-46_N_1-scaled.jpg\" \/>\t\t\t\t<\/div>\n\t\t\t<\/a>\n\t\t\t\n\t\t\t<div class=\"project-grid-item-content\">\n\t\t\t\t<h4 class=\"project-grid-item-title\"><a href=\"https:\/\/nammimarlik.com\/index.php\/projects-item\/solo-design-furniture\/\" target=\"_blank\">SOLO DESIGN FURNITURE &#038; CHAIR<\/a><\/h4>\t\t\t\t\t\t\t<\/div>\n\n\t\t<\/div>\n\t\t\n\t<\/div>\n<\/div>\n<div class=\"portfolio-item-wrapp portfolio-item-paralax  column_paralax\">\n\t<div class=\"portfolio-item\">\n\n\t\t<div class=\"project-grid-wrapper\">\n\n\t\t\t\t\t\t<a class=\"project-grid-item-img-link\" href=\"https:\/\/nammimarlik.com\/index.php\/projects-item\/dojo-kafe\/\" target=\"_blank\">\n\t\t\t\t<div class=\"project-grid-item-img\"> \n\t\t\t\t\t<img decoding=\"async\" width=\"2560\" height=\"1440\" src=\"https:\/\/nammimarlik.com\/wp-content\/uploads\/2017\/01\/Enscape_2025-01-04-20-56-17_dis-mekan-1-scaled.jpg\" class=\"s-img-switch wp-post-image\" alt=\"\" data-lazy-src=\"https:\/\/nammimarlik.com\/wp-content\/uploads\/2017\/01\/Enscape_2025-01-04-20-56-17_dis-mekan-1-scaled.jpg\" \/>\t\t\t\t<\/div>\n\t\t\t<\/a>\n\t\t\t\n\t\t\t<div class=\"project-grid-item-content\">\n\t\t\t\t<h4 class=\"project-grid-item-title\"><a href=\"https:\/\/nammimarlik.com\/index.php\/projects-item\/dojo-kafe\/\" target=\"_blank\">DOJO KAFE<\/a><\/h4>\t\t\t\t\t\t\t<\/div>\n\n\t\t<\/div>\n\t\t\n\t<\/div>\n<\/div>\n<div class=\"portfolio-item-wrapp portfolio-item-paralax \">\n\t<div class=\"portfolio-item\">\n\n\t\t<div class=\"project-grid-wrapper\">\n\n\t\t\t\t\t\t<a class=\"project-grid-item-img-link\" href=\"https:\/\/nammimarlik.com\/index.php\/projects-item\/nam-mimarlik-ofis\/\" target=\"_blank\">\n\t\t\t\t<div class=\"project-grid-item-img\"> \n\t\t\t\t\t<img decoding=\"async\" width=\"2560\" height=\"1441\" src=\"https:\/\/nammimarlik.com\/wp-content\/uploads\/2017\/01\/b1-2-scaled.jpg\" class=\"s-img-switch wp-post-image\" alt=\"\" data-lazy-src=\"https:\/\/nammimarlik.com\/wp-content\/uploads\/2017\/01\/b1-2-scaled.jpg\" \/>\t\t\t\t<\/div>\n\t\t\t<\/a>\n\t\t\t\n\t\t\t<div class=\"project-grid-item-content\">\n\t\t\t\t<h4 class=\"project-grid-item-title\"><a href=\"https:\/\/nammimarlik.com\/index.php\/projects-item\/nam-mimarlik-ofis\/\" target=\"_blank\">NAM M\u0130MARLIK OF\u0130S\u0130<\/a><\/h4>\t\t\t\t\t\t\t<\/div>\n\n\t\t<\/div>\n\t\t\n\t<\/div>\n<\/div>\n<div class=\"portfolio-item-wrapp portfolio-item-paralax \">\n\t<div class=\"portfolio-item\">\n\n\t\t<div class=\"project-grid-wrapper\">\n\n\t\t\t\t\t\t<a class=\"project-grid-item-img-link\" href=\"https:\/\/nammimarlik.com\/index.php\/projects-item\/rolove-restitusyon-restorasyon\/\" target=\"_blank\">\n\t\t\t\t<div class=\"project-grid-item-img\"> \n\t\t\t\t\t<img loading=\"lazy\" decoding=\"async\" width=\"2560\" height=\"1440\" src=\"https:\/\/nammimarlik.com\/wp-content\/uploads\/2017\/01\/4-2-scaled.jpg\" class=\"s-img-switch wp-post-image\" alt=\"\" data-lazy-src=\"https:\/\/nammimarlik.com\/wp-content\/uploads\/2017\/01\/4-2-scaled.jpg\" \/>\t\t\t\t<\/div>\n\t\t\t<\/a>\n\t\t\t\n\t\t\t<div class=\"project-grid-item-content\">\n\t\t\t\t<h4 class=\"project-grid-item-title\"><a href=\"https:\/\/nammimarlik.com\/index.php\/projects-item\/rolove-restitusyon-restorasyon\/\" target=\"_blank\">R\u00d6L\u00d6VE-REST\u0130T\u00dcSYON-RESTORASYON PROJELER\u0130<\/a><\/h4>\t\t\t\t\t\t\t<\/div>\n\n\t\t<\/div>\n\t\t\n\t<\/div>\n<\/div>\n<div class=\"portfolio-item-wrapp portfolio-item-paralax  column_paralax\">\n\t<div class=\"portfolio-item\">\n\n\t\t<div class=\"project-grid-wrapper\">\n\n\t\t\t\t\t\t<a class=\"project-grid-item-img-link\" href=\"https:\/\/nammimarlik.com\/index.php\/projects-item\/ince-evi-mutfak\/\" target=\"_blank\">\n\t\t\t\t<div class=\"project-grid-item-img\"> \n\t\t\t\t\t<img loading=\"lazy\" decoding=\"async\" width=\"1707\" height=\"2560\" src=\"https:\/\/nammimarlik.com\/wp-content\/uploads\/2017\/01\/DSCF2929-scaled.jpg\" class=\"s-img-switch wp-post-image\" alt=\"\" data-lazy-src=\"https:\/\/nammimarlik.com\/wp-content\/uploads\/2017\/01\/DSCF2929-scaled.jpg\" \/>\t\t\t\t<\/div>\n\t\t\t<\/a>\n\t\t\t\n\t\t\t<div class=\"project-grid-item-content\">\n\t\t\t\t<h4 class=\"project-grid-item-title\"><a href=\"https:\/\/nammimarlik.com\/index.php\/projects-item\/ince-evi-mutfak\/\" target=\"_blank\">\u0130NCE EV\u0130 MUTFAK TASARIMI<\/a><\/h4>\t\t\t\t\t\t\t<\/div>\n\n\t\t<\/div>\n\t\t\n\t<\/div>\n<\/div>\n<div class=\"portfolio-item-wrapp portfolio-item-paralax \">\n\t<div class=\"portfolio-item\">\n\n\t\t<div class=\"project-grid-wrapper\">\n\n\t\t\t\t\t\t<a class=\"project-grid-item-img-link\" href=\"https:\/\/nammimarlik.com\/index.php\/projects-item\/n-m-banyo\/\" target=\"_blank\">\n\t\t\t\t<div class=\"project-grid-item-img\"> \n\t\t\t\t\t<img loading=\"lazy\" decoding=\"async\" width=\"1707\" height=\"2560\" src=\"https:\/\/nammimarlik.com\/wp-content\/uploads\/2017\/01\/5-2-scaled.jpg\" class=\"s-img-switch wp-post-image\" alt=\"\" data-lazy-src=\"https:\/\/nammimarlik.com\/wp-content\/uploads\/2017\/01\/5-2-scaled.jpg\" \/>\t\t\t\t<\/div>\n\t\t\t<\/a>\n\t\t\t\n\t\t\t<div class=\"project-grid-item-content\">\n\t\t\t\t<h4 class=\"project-grid-item-title\"><a href=\"https:\/\/nammimarlik.com\/index.php\/projects-item\/n-m-banyo\/\" target=\"_blank\">N-M EV\u0130 BANYO TASARIMI<\/a><\/h4>\t\t\t\t\t\t\t<\/div>\n\n\t\t<\/div>\n\t\t\n\t<\/div>\n<\/div>\n<div class=\"portfolio-item-wrapp portfolio-item-paralax \">\n\t<div class=\"portfolio-item\">\n\n\t\t<div class=\"project-grid-wrapper\">\n\n\t\t\t\t\t\t<a class=\"project-grid-item-img-link\" href=\"https:\/\/nammimarlik.com\/index.php\/projects-item\/n-y-cocuk-odasi\/\" target=\"_blank\">\n\t\t\t\t<div class=\"project-grid-item-img\"> \n\t\t\t\t\t<img loading=\"lazy\" decoding=\"async\" width=\"1707\" height=\"2560\" src=\"https:\/\/nammimarlik.com\/wp-content\/uploads\/2017\/01\/DSCF3154-scaled.jpg\" class=\"s-img-switch wp-post-image\" alt=\"\" data-lazy-src=\"https:\/\/nammimarlik.com\/wp-content\/uploads\/2017\/01\/DSCF3154-scaled.jpg\" \/>\t\t\t\t<\/div>\n\t\t\t<\/a>\n\t\t\t\n\t\t\t<div class=\"project-grid-item-content\">\n\t\t\t\t<h4 class=\"project-grid-item-title\"><a href=\"https:\/\/nammimarlik.com\/index.php\/projects-item\/n-y-cocuk-odasi\/\" target=\"_blank\">N-Y- \u00c7OCUK ODASI<\/a><\/h4>\t\t\t\t\t\t\t<\/div>\n\n\t\t<\/div>\n\t\t\n\t<\/div>\n<\/div>\n<div class=\"portfolio-item-wrapp portfolio-item-paralax  column_paralax\">\n\t<div class=\"portfolio-item\">\n\n\t\t<div class=\"project-grid-wrapper\">\n\n\t\t\t\t\t\t<a class=\"project-grid-item-img-link\" href=\"https:\/\/nammimarlik.com\/index.php\/projects-item\/gmm-garage\/\" target=\"_blank\">\n\t\t\t\t<div class=\"project-grid-item-img\"> \n\t\t\t\t\t<img loading=\"lazy\" decoding=\"async\" width=\"2560\" height=\"1440\" src=\"https:\/\/nammimarlik.com\/wp-content\/uploads\/2017\/01\/Enscape_2025-01-15-10-00-54_n-3-scaled.jpg\" class=\"s-img-switch wp-post-image\" alt=\"\" data-lazy-src=\"https:\/\/nammimarlik.com\/wp-content\/uploads\/2017\/01\/Enscape_2025-01-15-10-00-54_n-3-scaled.jpg\" \/>\t\t\t\t<\/div>\n\t\t\t<\/a>\n\t\t\t\n\t\t\t<div class=\"project-grid-item-content\">\n\t\t\t\t<h4 class=\"project-grid-item-title\"><a href=\"https:\/\/nammimarlik.com\/index.php\/projects-item\/gmm-garage\/\" target=\"_blank\">GMM GARAGE OF\u0130S<\/a><\/h4>\t\t\t\t\t\t\t<\/div>\n\n\t\t<\/div>\n\t\t\n\t<\/div>\n<\/div>\n<div class=\"portfolio-item-wrapp portfolio-item-paralax \">\n\t<div class=\"portfolio-item\">\n\n\t\t<div class=\"project-grid-wrapper\">\n\n\t\t\t\t\t\t<a class=\"project-grid-item-img-link\" href=\"https:\/\/nammimarlik.com\/index.php\/projects-item\/karadeniz-unlu-mamulleri\/\" target=\"_blank\">\n\t\t\t\t<div class=\"project-grid-item-img\"> \n\t\t\t\t\t<img loading=\"lazy\" decoding=\"async\" width=\"2560\" height=\"1441\" src=\"https:\/\/nammimarlik.com\/wp-content\/uploads\/2017\/01\/IMG_20250414_190405-scaled.jpg\" class=\"s-img-switch wp-post-image\" alt=\"\" data-lazy-src=\"https:\/\/nammimarlik.com\/wp-content\/uploads\/2017\/01\/IMG_20250414_190405-scaled.jpg\" \/>\t\t\t\t<\/div>\n\t\t\t<\/a>\n\t\t\t\n\t\t\t<div class=\"project-grid-item-content\">\n\t\t\t\t<h4 class=\"project-grid-item-title\"><a href=\"https:\/\/nammimarlik.com\/index.php\/projects-item\/karadeniz-unlu-mamulleri\/\" target=\"_blank\">KARADEN\u0130Z UNLU MAM\u00dcLLER\u0130 FIRIN KAFE<\/a><\/h4>\t\t\t\t\t\t\t<\/div>\n\n\t\t<\/div>\n\t\t\n\t<\/div>\n<\/div>\n<div class=\"portfolio-item-wrapp portfolio-item-paralax \">\n\t<div class=\"portfolio-item\">\n\n\t\t<div class=\"project-grid-wrapper\">\n\n\t\t\t\t\t\t<a class=\"project-grid-item-img-link\" href=\"https:\/\/nammimarlik.com\/index.php\/projects-item\/oguz-evi\/\" target=\"_blank\">\n\t\t\t\t<div class=\"project-grid-item-img\"> \n\t\t\t\t\t<img loading=\"lazy\" decoding=\"async\" width=\"1441\" height=\"2560\" src=\"https:\/\/nammimarlik.com\/wp-content\/uploads\/2017\/01\/1742640038257-scaled.jpg\" class=\"s-img-switch wp-post-image\" alt=\"\" data-lazy-src=\"https:\/\/nammimarlik.com\/wp-content\/uploads\/2017\/01\/1742640038257-scaled.jpg\" \/>\t\t\t\t<\/div>\n\t\t\t<\/a>\n\t\t\t\n\t\t\t<div class=\"project-grid-item-content\">\n\t\t\t\t<h4 class=\"project-grid-item-title\"><a href=\"https:\/\/nammimarlik.com\/index.php\/projects-item\/oguz-evi\/\" target=\"_blank\">O\u011eUZ EV\u0130<\/a><\/h4>\t\t\t\t\t\t\t<\/div>\n\n\t\t<\/div>\n\t\t\n\t<\/div>\n<\/div>\n<div class=\"portfolio-item-wrapp portfolio-item-paralax  column_paralax\">\n\t<div class=\"portfolio-item\">\n\n\t\t<div class=\"project-grid-wrapper\">\n\n\t\t\t\t\t\t<a class=\"project-grid-item-img-link\" href=\"https:\/\/nammimarlik.com\/index.php\/projects-item\/tepeoren-villa-o-p-evi\/\" target=\"_blank\">\n\t\t\t\t<div class=\"project-grid-item-img\"> \n\t\t\t\t\t<img loading=\"lazy\" decoding=\"async\" width=\"2560\" height=\"1440\" src=\"https:\/\/nammimarlik.com\/wp-content\/uploads\/2017\/01\/Enscape_2025-03-20-13-24-08-scaled.jpg\" class=\"s-img-switch wp-post-image\" alt=\"\" data-lazy-src=\"https:\/\/nammimarlik.com\/wp-content\/uploads\/2017\/01\/Enscape_2025-03-20-13-24-08-scaled.jpg\" \/>\t\t\t\t<\/div>\n\t\t\t<\/a>\n\t\t\t\n\t\t\t<div class=\"project-grid-item-content\">\n\t\t\t\t<h4 class=\"project-grid-item-title\"><a href=\"https:\/\/nammimarlik.com\/index.php\/projects-item\/tepeoren-villa-o-p-evi\/\" target=\"_blank\">Tepe\u00f6ren Villalar\u0131 \u00d6-P Evi Konsept Tasar\u0131m<\/a><\/h4>\t\t\t\t\t\t\t<\/div>\n\n\t\t<\/div>\n\t\t\n\t<\/div>\n<\/div>\n<div class=\"portfolio-item-wrapp portfolio-item-paralax \">\n\t<div class=\"portfolio-item\">\n\n\t\t<div class=\"project-grid-wrapper\">\n\n\t\t\t\t\t\t<a class=\"project-grid-item-img-link\" href=\"https:\/\/nammimarlik.com\/index.php\/projects-item\/l-a-evi\/\" target=\"_blank\">\n\t\t\t\t<div class=\"project-grid-item-img\"> \n\t\t\t\t\t<img loading=\"lazy\" decoding=\"async\" width=\"2560\" height=\"1440\" src=\"https:\/\/nammimarlik.com\/wp-content\/uploads\/2017\/01\/2-1-scaled.jpg\" class=\"s-img-switch wp-post-image\" alt=\"\" data-lazy-src=\"https:\/\/nammimarlik.com\/wp-content\/uploads\/2017\/01\/2-1-scaled.jpg\" \/>\t\t\t\t<\/div>\n\t\t\t<\/a>\n\t\t\t\n\t\t\t<div class=\"project-grid-item-content\">\n\t\t\t\t<h4 class=\"project-grid-item-title\"><a href=\"https:\/\/nammimarlik.com\/index.php\/projects-item\/l-a-evi\/\" target=\"_blank\">L-A Evi Tasar\u0131m\u0131 (1+1)<\/a><\/h4>\t\t\t\t\t\t\t<\/div>\n\n\t\t<\/div>\n\t\t\n\t<\/div>\n<\/div>\n<div class=\"portfolio-item-wrapp portfolio-item-paralax \">\n\t<div class=\"portfolio-item\">\n\n\t\t<div class=\"project-grid-wrapper\">\n\n\t\t\t\t\t\t<a class=\"project-grid-item-img-link\" href=\"https:\/\/nammimarlik.com\/index.php\/projects-item\/m-s-guzellik-merkezi\/\" target=\"_blank\">\n\t\t\t\t<div class=\"project-grid-item-img\"> \n\t\t\t\t\t<img loading=\"lazy\" decoding=\"async\" width=\"2560\" height=\"1440\" src=\"https:\/\/nammimarlik.com\/wp-content\/uploads\/2017\/01\/Enscape_2025-03-26-14-01-58-scaled.jpg\" class=\"s-img-switch wp-post-image\" alt=\"\" data-lazy-src=\"https:\/\/nammimarlik.com\/wp-content\/uploads\/2017\/01\/Enscape_2025-03-26-14-01-58-scaled.jpg\" \/>\t\t\t\t<\/div>\n\t\t\t<\/a>\n\t\t\t\n\t\t\t<div class=\"project-grid-item-content\">\n\t\t\t\t<h4 class=\"project-grid-item-title\"><a href=\"https:\/\/nammimarlik.com\/index.php\/projects-item\/m-s-guzellik-merkezi\/\" target=\"_blank\">M&#038;S G\u00dcZELL\u0130K SALONU<\/a><\/h4>\t\t\t\t\t\t\t<\/div>\n\n\t\t<\/div>\n\t\t\n\t<\/div>\n<\/div>\n<div class=\"portfolio-item-wrapp portfolio-item-paralax  column_paralax\">\n\t<div class=\"portfolio-item\">\n\n\t\t<div class=\"project-grid-wrapper\">\n\n\t\t\t\t\t\t<a class=\"project-grid-item-img-link\" href=\"https:\/\/nammimarlik.com\/index.php\/projects-item\/m-cafe\/\" target=\"_blank\">\n\t\t\t\t<div class=\"project-grid-item-img\"> \n\t\t\t\t\t<img loading=\"lazy\" decoding=\"async\" width=\"2560\" height=\"1440\" src=\"https:\/\/nammimarlik.com\/wp-content\/uploads\/2017\/01\/2-2-scaled.jpg\" class=\"s-img-switch wp-post-image\" alt=\"\" data-lazy-src=\"https:\/\/nammimarlik.com\/wp-content\/uploads\/2017\/01\/2-2-scaled.jpg\" \/>\t\t\t\t<\/div>\n\t\t\t<\/a>\n\t\t\t\n\t\t\t<div class=\"project-grid-item-content\">\n\t\t\t\t<h4 class=\"project-grid-item-title\"><a href=\"https:\/\/nammimarlik.com\/index.php\/projects-item\/m-cafe\/\" target=\"_blank\">M. CAFE<\/a><\/h4>\t\t\t\t\t\t\t<\/div>\n\n\t\t<\/div>\n\t\t\n\t<\/div>\n<\/div>\n<div class=\"portfolio-item-wrapp portfolio-item-paralax \">\n\t<div class=\"portfolio-item\">\n\n\t\t<div class=\"project-grid-wrapper\">\n\n\t\t\t\t\t\t<a class=\"project-grid-item-img-link\" href=\"https:\/\/nammimarlik.com\/index.php\/projects-item\/z-o-cocuk-odasi\/\" target=\"_blank\">\n\t\t\t\t<div class=\"project-grid-item-img\"> \n\t\t\t\t\t<img loading=\"lazy\" decoding=\"async\" width=\"2560\" height=\"1440\" src=\"https:\/\/nammimarlik.com\/wp-content\/uploads\/2017\/01\/2-3-scaled.jpg\" class=\"s-img-switch wp-post-image\" alt=\"\" data-lazy-src=\"https:\/\/nammimarlik.com\/wp-content\/uploads\/2017\/01\/2-3-scaled.jpg\" \/>\t\t\t\t<\/div>\n\t\t\t<\/a>\n\t\t\t\n\t\t\t<div class=\"project-grid-item-content\">\n\t\t\t\t<h4 class=\"project-grid-item-title\"><a href=\"https:\/\/nammimarlik.com\/index.php\/projects-item\/z-o-cocuk-odasi\/\" target=\"_blank\">Z-\u00d6 \u00c7OCUK ODASI<\/a><\/h4>\t\t\t\t\t\t\t<\/div>\n\n\t\t<\/div>\n\t\t\n\t<\/div>\n<\/div>\n<div class=\"portfolio-item-wrapp portfolio-item-paralax \">\n\t<div class=\"portfolio-item\">\n\n\t\t<div class=\"project-grid-wrapper\">\n\n\t\t\t\t\t\t<a class=\"project-grid-item-img-link\" href=\"https:\/\/nammimarlik.com\/index.php\/projects-item\/yilmazlar-villa-akfirat\/\" target=\"_blank\">\n\t\t\t\t<div class=\"project-grid-item-img\"> \n\t\t\t\t\t<img loading=\"lazy\" decoding=\"async\" width=\"3840\" height=\"2452\" src=\"https:\/\/nammimarlik.com\/wp-content\/uploads\/2017\/01\/Scene-15.png\" class=\"s-img-switch wp-post-image\" alt=\"\" data-lazy-src=\"https:\/\/nammimarlik.com\/wp-content\/uploads\/2017\/01\/Scene-15.png\" \/>\t\t\t\t<\/div>\n\t\t\t<\/a>\n\t\t\t\n\t\t\t<div class=\"project-grid-item-content\">\n\t\t\t\t<h4 class=\"project-grid-item-title\"><a href=\"https:\/\/nammimarlik.com\/index.php\/projects-item\/yilmazlar-villa-akfirat\/\" target=\"_blank\">Y\u0131lmazlar Villas\u0131-Akf\u0131rat<\/a><\/h4>\t\t\t\t\t\t\t<\/div>\n\n\t\t<\/div>\n\t\t\n\t<\/div>\n<\/div>\n<div class=\"portfolio-item-wrapp portfolio-item-paralax  column_paralax\">\n\t<div class=\"portfolio-item\">\n\n\t\t<div class=\"project-grid-wrapper\">\n\n\t\t\t\t\t\t<a class=\"project-grid-item-img-link\" href=\"https:\/\/nammimarlik.com\/index.php\/projects-item\/morkoc-villa\/\" target=\"_blank\">\n\t\t\t\t<div class=\"project-grid-item-img\"> \n\t\t\t\t\t<img loading=\"lazy\" decoding=\"async\" width=\"3840\" height=\"2452\" src=\"https:\/\/nammimarlik.com\/wp-content\/uploads\/2017\/01\/Scene-3-1.png\" class=\"s-img-switch wp-post-image\" alt=\"\" data-lazy-src=\"https:\/\/nammimarlik.com\/wp-content\/uploads\/2017\/01\/Scene-3-1.png\" \/>\t\t\t\t<\/div>\n\t\t\t<\/a>\n\t\t\t\n\t\t\t<div class=\"project-grid-item-content\">\n\t\t\t\t<h4 class=\"project-grid-item-title\"><a href=\"https:\/\/nammimarlik.com\/index.php\/projects-item\/morkoc-villa\/\" target=\"_blank\">Morko\u00e7 Villas\u0131-Dilovas\u0131<\/a><\/h4>\t\t\t\t\t\t\t<\/div>\n\n\t\t<\/div>\n\t\t\n\t<\/div>\n<\/div>\n<div class=\"portfolio-item-wrapp portfolio-item-paralax \">\n\t<div class=\"portfolio-item\">\n\n\t\t<div class=\"project-grid-wrapper\">\n\n\t\t\t\t\t\t<a class=\"project-grid-item-img-link\" href=\"https:\/\/nammimarlik.com\/index.php\/projects-item\/ertufan-evi\/\" target=\"_blank\">\n\t\t\t\t<div class=\"project-grid-item-img\"> \n\t\t\t\t\t<img loading=\"lazy\" decoding=\"async\" width=\"1920\" height=\"2560\" src=\"https:\/\/nammimarlik.com\/wp-content\/uploads\/2017\/01\/DJI_20250912_133059_259_1-scaled.jpg\" class=\"s-img-switch wp-post-image\" alt=\"\" data-lazy-src=\"https:\/\/nammimarlik.com\/wp-content\/uploads\/2017\/01\/DJI_20250912_133059_259_1-scaled.jpg\" \/>\t\t\t\t<\/div>\n\t\t\t<\/a>\n\t\t\t\n\t\t\t<div class=\"project-grid-item-content\">\n\t\t\t\t<h4 class=\"project-grid-item-title\"><a href=\"https:\/\/nammimarlik.com\/index.php\/projects-item\/ertufan-evi\/\" target=\"_blank\">Ertufan Evi<\/a><\/h4>\t\t\t\t\t\t\t<\/div>\n\n\t\t<\/div>\n\t\t\n\t<\/div>\n<\/div>\n<div class=\"portfolio-item-wrapp portfolio-item-paralax \">\n\t<div class=\"portfolio-item\">\n\n\t\t<div class=\"project-grid-wrapper\">\n\n\t\t\t\t\t\t<a class=\"project-grid-item-img-link\" href=\"https:\/\/nammimarlik.com\/index.php\/projects-item\/bayraktar-evi\/\" target=\"_blank\">\n\t\t\t\t<div class=\"project-grid-item-img\"> \n\t\t\t\t\t<img loading=\"lazy\" decoding=\"async\" width=\"1920\" height=\"2560\" src=\"https:\/\/nammimarlik.com\/wp-content\/uploads\/2017\/01\/IMG_20251004_202956-scaled.jpg\" class=\"s-img-switch wp-post-image\" alt=\"\" data-lazy-src=\"https:\/\/nammimarlik.com\/wp-content\/uploads\/2017\/01\/IMG_20251004_202956-scaled.jpg\" \/>\t\t\t\t<\/div>\n\t\t\t<\/a>\n\t\t\t\n\t\t\t<div class=\"project-grid-item-content\">\n\t\t\t\t<h4 class=\"project-grid-item-title\"><a href=\"https:\/\/nammimarlik.com\/index.php\/projects-item\/bayraktar-evi\/\" target=\"_blank\">Bayraktar Evi<\/a><\/h4>\t\t\t\t\t\t\t<\/div>\n\n\t\t<\/div>\n\t\t\n\t<\/div>\n<\/div>\t\t<\/div>\n\t\t\t\n\t\t<\/div>\n\t\t\t\t\t\t<\/div>\n\t\t\t\t<\/div>\n\t\t\t\t\t<\/div>\n\t\t\t\t<\/div>\n\t\t<div class=\"elementor-element elementor-element-cdc10d9 e-flex e-con-boxed e-con e-parent\" data-id=\"cdc10d9\" data-element_type=\"container\">\n\t\t\t\t\t<div class=\"e-con-inner\">\n\t\t\t\t\t<\/div>\n\t\t\t\t<\/div>\n\t\t<div class=\"elementor-element elementor-element-f291d11 e-flex e-con-boxed e-con e-parent\" data-id=\"f291d11\" data-element_type=\"container\">\n\t\t\t\t\t<div class=\"e-con-inner\">\n\t\t\t\t<div class=\"elementor-element elementor-element-c582617 elementor-widget elementor-widget-accordion-widget\" data-id=\"c582617\" data-element_type=\"widget\" data-widget_type=\"accordion-widget.default\">\n\t\t\t\t<div class=\"elementor-widget-container\">\n\t\t\t\t\t\t\t<div class=\"accordion\">\n                <div class=\"accordion__wrap right\">\n                                            <div class=\"accordion__main-title\">\"Mimarl\u0131k, insan\u0131n hayal g\u00fcc\u00fcn\u00fcn somutla\u015fm\u0131\u015f halidir.\"<\/div>\n\t\t\t\t    \n                                    <\/div>\n                \t\t\t<\/div>\t\t\t\t<\/div>\n\t\t\t\t<\/div>\n\t\t\t\t\t<\/div>\n\t\t\t\t<\/div>\n\t\t\t\t<\/div>\n\t\t","protected":false},"excerpt":{"rendered":"","protected":false},"author":1,"featured_media":0,"parent":0,"menu_order":0,"comment_status":"closed","ping_status":"closed","template":"elementor_header_footer","meta":{"footnotes":""},"class_list":["post-4137","page","type-page","status-publish","hentry"],"featured_image_src":"","featured_image_src_square":"","_links":{"self":[{"href":"https:\/\/nammimarlik.com\/index.php\/wp-json\/wp\/v2\/pages\/4137","targetHints":{"allow":["GET"]}}],"collection":[{"href":"https:\/\/nammimarlik.com\/index.php\/wp-json\/wp\/v2\/pages"}],"about":[{"href":"https:\/\/nammimarlik.com\/index.php\/wp-json\/wp\/v2\/types\/page"}],"author":[{"embeddable":true,"href":"https:\/\/nammimarlik.com\/index.php\/wp-json\/wp\/v2\/users\/1"}],"replies":[{"embeddable":true,"href":"https:\/\/nammimarlik.com\/index.php\/wp-json\/wp\/v2\/comments?post=4137"}],"version-history":[{"count":51,"href":"https:\/\/nammimarlik.com\/index.php\/wp-json\/wp\/v2\/pages\/4137\/revisions"}],"predecessor-version":[{"id":5962,"href":"https:\/\/nammimarlik.com\/index.php\/wp-json\/wp\/v2\/pages\/4137\/revisions\/5962"}],"wp:attachment":[{"href":"https:\/\/nammimarlik.com\/index.php\/wp-json\/wp\/v2\/media?parent=4137"}],"curies":[{"name":"wp","href":"https:\/\/api.w.org\/{rel}","templated":true}]}}